{"id":3422,"date":"2018-05-26T12:43:58","date_gmt":"2018-05-26T10:43:58","guid":{"rendered":"https:\/\/valledeicavalieri.it\/wp\/?page_id=3422"},"modified":"2019-11-24T09:36:14","modified_gmt":"2019-11-24T08:36:14","slug":"privacy-policy","status":"publish","type":"page","link":"https:\/\/valledeicavalieri.it\/wp\/privacy-policy\/","title":{"rendered":"Privacy Policy"},"content":{"rendered":"<div class=\"fusion-fullwidth fullwidth-box fusion-builder-row-1 fusion-flex-container nonhundred-percent-fullwidth non-hundred-percent-height-scrolling\" style=\"--awb-border-radius-top-left:0px;--awb-border-radius-top-right:0px;--awb-border-radius-bottom-right:0px;--awb-border-radius-bottom-left:0px;--awb-flex-wrap:wrap;\" ><div class=\"fusion-builder-row fusion-row fusion-flex-align-items-flex-start fusion-flex-content-wrap\" style=\"max-width:calc( 1100px + 0px );margin-left: calc(-0px \/ 2 );margin-right: calc(-0px \/ 2 );\"><div class=\"fusion-layout-column fusion_builder_column fusion-builder-column-0 fusion_builder_column_1_1 1_1 fusion-flex-column\" style=\"--awb-bg-size:cover;--awb-width-large:100%;--awb-margin-top-large:0px;--awb-spacing-right-large:0px;--awb-margin-bottom-large:0px;--awb-spacing-left-large:0px;--awb-width-medium:100%;--awb-spacing-right-medium:0px;--awb-spacing-left-medium:0px;--awb-width-small:100%;--awb-spacing-right-small:0px;--awb-spacing-left-small:0px;\"><div class=\"fusion-column-wrapper fusion-flex-justify-content-flex-start fusion-content-layout-column\"><div class=\"fusion-text fusion-text-1\"><h1>Chi siamo<\/h1>\n<p>L&#8217;indirizzo del nostro sito web \u00e8: https:\/\/www.valledeicavalieri.it<\/p>\n<p>La sede della Cooperativa Valle dei Cavalieri \u00e8 collocata a Succiso Nuovo (o Varvilla) in provincia di Reggio Emilia. L&#8217;indirizzo preciso \u00e8 il seguente: Via Caduti XXV novembre n. 46 &#8211; La cooperativa \u00e8 contattatile al numero telefonico: 0522 892346 o all&#8217;indirizzo email: info@valledeicavalieri.it<\/p>\n<h1>Quali dati personali raccogliamo e perch\u00e9 li raccogliamo<\/h1>\n<h3><strong>Commenti<\/strong><\/h3>\n<p>Quando i visitatori lasciano commenti sul sito, raccogliamo i dati mostrati nel modulo dei commenti oltre all&#8217;indirizzo IP del visitatore e la stringa dello user agent del browser per facilitare il rilevamento dello spam.<\/p>\n<p>Una stringa anonimizzata creata a partire dal tuo indirizzo email (altrimenti detta hash) pu\u00f2 essere fornita al servizio Gravatar per vedere se lo stai usando. La privacy policy del servizio Gravatar \u00e8 disponibile qui: https:\/\/automattic.com\/privacy\/. Dopo l&#8217;approvazione del tuo commento, la tua immagine del profilo \u00e8 visibile al pubblico nel contesto del tuo commento.<\/p>\n<h3><strong>Media<\/strong><\/h3>\n<p>Se carichi immagini sul sito web, dovresti evitare di caricare immagini che includono i dati di posizione incorporati (EXIF GPS). I visitatori del sito web possono scaricare ed estrarre qualsiasi dato sulla posizione dalle immagini sul sito web.<\/p>\n<h3><strong>Modulo di contatto<\/strong><\/h3>\n<p class=\"privacy-policy-tutorial\">I dati forniti sul nostro modulo di contatto sono funzionali alla richiesta del cliente (prenotazioni, informazioni su prezzi, ecc&#8230;). I dati forniti vengono mantenuti il tempo necessario ai fini del servizio richiesto e NON vengono utilizzato o inviati a scopo di marketing.<\/p>\n<h3><strong>Cookie<\/strong><\/h3>\n<p>Se lasci un commento sul nostro sito, puoi scegliere di salvare il tuo nome, indirizzo email e sito web nei cookie. Sono usati per la tua comodit\u00e0 in modo che tu non debba inserire nuovamente i tuoi dati quando lasci un altro commento. Questi cookie dureranno per un anno.<\/p>\n<p>Se hai un account e accedi a questo sito, verr\u00e0 impostato un cookie temporaneo per determinare se il tuo browser accetta i cookie. Questo cookie non contiene dati personali e viene eliminato quando chiudi il browser.<\/p>\n<p>Quando effettui l&#8217;accesso, verranno impostati diversi cookie per salvare le tue informazioni di accesso e le tue opzioni di visualizzazione dello schermo. I cookie di accesso durano due giorni mentre i cookie per le opzioni dello schermo durano un anno. Se selezioni &#8220;Ricordami&#8221;, il tuo accesso persister\u00e0 per due settimane. Se esci dal tuo account, i cookie di accesso verranno rimossi.<\/p>\n<p>Se modifichi o pubblichi un articolo, un cookie aggiuntivo verr\u00e0 salvato nel tuo browser. Questo cookie non include dati personali, ma indica semplicemente l&#8217;ID dell&#8217;articolo appena modificato. Scade dopo 1 giorno.<\/p>\n<h3><strong>Contenuto incorporato da altri siti web<\/strong><\/h3>\n<p>Gli articoli su questo sito possono includere contenuti incorporati (ad esempio video, immagini, articoli, ecc.). I contenuti incorporati da altri siti web si comportano esattamente allo stesso modo come se il visitatore avesse visitato l&#8217;altro sito web.<\/p>\n<p>Questi siti web possono raccogliere dati su di te, usare cookie, integrare ulteriori tracciamenti di terze parti e monitorare l&#8217;interazione con quel contenuto incorporato, incluso il tracciamento della tua interazione con il contenuto incorporato se hai un account e hai effettuato l&#8217;accesso a quel sito web.<\/p>\n<h3><strong>Con chi condividiamo i tuoi dati<\/strong><\/h3>\n<p>Per impostazione predefinita, NON condividiamo alcun dato personale con nessuno.<\/p>\n<h3><strong>Per quanto tempo conserviamo i tuoi dati<\/strong><\/h3>\n<p>Se lasci un commento, il commento e i relativi metadati vengono conservati a tempo indeterminato. \u00c8 cos\u00ec che possiamo riconoscere e approvare automaticamente eventuali commenti successivi invece di tenerli in una coda di moderazione.<\/p>\n<p>Per gli utenti che si registrano sul nostro sito web (se presenti), memorizziamo anche le informazioni personali che forniscono nel loro profilo utente. Tutti gli utenti possono vedere, modificare o cancellare le loro informazioni personali in qualsiasi momento (eccetto il loro nome utente che non possono cambiare). Gli amministratori del sito web possono anche vedere e modificare queste informazioni.<\/p>\n<h3><strong>Quali diritti hai sui tuoi dati<\/strong><\/h3>\n<p>Se hai un account su questo sito, o hai lasciato commenti, puoi richiedere di ricevere un file esportato dal sito con i dati personali che abbiamo su di te, compresi i dati che ci hai fornito. Puoi anche richiedere che cancelliamo tutti i dati personali che ti riguardano. Questo non include i dati che siamo obbligati a conservare per scopi amministrativi, legali o di sicurezza.<\/p>\n<h3><strong>Dove spediamo i tuoi dati<\/strong><\/h3>\n<p>I commenti dei visitatori possono essere controllati attraverso un servizio di rilevamento automatico dello spam.<\/p>\n<h3><strong>Come proteggiamo i tuoi dati<\/strong><\/h3>\n<p>I tuoi dati sono protetti ed abbiamo messo in atto misure particolari oltre alla formazione del personale addetto al relativo trattamento. Abbiamo inoltre provveduto ad effettuare una valutazione dell&#8217;impatto sulla privacy.<\/p>\n<h3><strong>Da quali terze parti riceviamo dati<\/strong><\/h3>\n<p>Non riceviamo dati da terze parti<\/p>\n<h3><strong>Quale processo decisionale automatizzato e\/o profilazione facciamo con i dati dell&#8217;utente<\/strong><\/h3>\n<p>NON eseguiamo servizi che includono processi decisionali automatici e NON profiliamo in alcun caso i dati degli utenti.<\/p>\n<\/div><\/div><\/div><\/div><\/div>\n","protected":false},"excerpt":{"rendered":"","protected":false},"author":2,"featured_media":0,"parent":0,"menu_order":0,"comment_status":"closed","ping_status":"closed","template":"100-width.php","meta":{"footnotes":""},"class_list":["post-3422","page","type-page","status-publish","hentry"],"_links":{"self":[{"href":"https:\/\/valledeicavalieri.it\/wp\/wp-json\/wp\/v2\/pages\/3422","targetHints":{"allow":["GET"]}}],"collection":[{"href":"https:\/\/valledeicavalieri.it\/wp\/wp-json\/wp\/v2\/pages"}],"about":[{"href":"https:\/\/valledeicavalieri.it\/wp\/wp-json\/wp\/v2\/types\/page"}],"author":[{"embeddable":true,"href":"https:\/\/valledeicavalieri.it\/wp\/wp-json\/wp\/v2\/users\/2"}],"replies":[{"embeddable":true,"href":"https:\/\/valledeicavalieri.it\/wp\/wp-json\/wp\/v2\/comments?post=3422"}],"version-history":[{"count":0,"href":"https:\/\/valledeicavalieri.it\/wp\/wp-json\/wp\/v2\/pages\/3422\/revisions"}],"wp:attachment":[{"href":"https:\/\/valledeicavalieri.it\/wp\/wp-json\/wp\/v2\/media?parent=3422"}],"curies":[{"name":"wp","href":"https:\/\/api.w.org\/{rel}","templated":true}]}}

<div class="fusion-fullwidth fullwidth-box fusion-builder-row-1 fusion-flex-container nonhundred-percent-fullwidth non-hundred-percent-height-scrolling" style="--awb-border-radius-top-left:0px;--awb-border-radius-top-right:0px;--awb-border-radius-bottom-right:0px;--awb-border-radius-bottom-left:0px;--awb-flex-wrap:wrap;" ><div class="fusion-builder-row fusion-row fusion-flex-align-items-flex-start fusion-flex-content-wrap" style="max-width:calc( 1100px + 0px );margin-left: calc(-0px / 2 );margin-right: calc(-0px / 2 );"><div class="fusion-layout-column fusion_builder_column fusion-builder-column-0 fusion_builder_column_1_1 1_1 fusion-flex-column" style="--awb-bg-size:cover;--awb-width-large:100%;--awb-margin-top-large:0px;--awb-spacing-right-large:0px;--awb-margin-bottom-large:0px;--awb-spacing-left-large:0px;--awb-width-medium:100%;--awb-spacing-right-medium:0px;--awb-spacing-left-medium:0px;--awb-width-small:100%;--awb-spacing-right-small:0px;--awb-spacing-left-small:0px;"><div class="fusion-column-wrapper fusion-flex-justify-content-flex-start fusion-content-layout-column"><div class="fusion-text fusion-text-1"><h1>Chi siamo</h1>
<p>L&#8217;indirizzo del nostro sito web è: https://www.valledeicavalieri.it</p>
<p>La sede della Cooperativa Valle dei Cavalieri è collocata a Succiso Nuovo (o Varvilla) in provincia di Reggio Emilia. L&#8217;indirizzo preciso è il seguente: Via Caduti XXV novembre n. 46 &#8211; La cooperativa è contattatile al numero telefonico: 0522 892346 o all&#8217;indirizzo email: info@valledeicavalieri.it</p>
<h1>Quali dati personali raccogliamo e perché li raccogliamo</h1>
<h3><strong>Commenti</strong></h3>
<p>Quando i visitatori lasciano commenti sul sito, raccogliamo i dati mostrati nel modulo dei commenti oltre all&#8217;indirizzo IP del visitatore e la stringa dello user agent del browser per facilitare il rilevamento dello spam.</p>
<p>Una stringa anonimizzata creata a partire dal tuo indirizzo email (altrimenti detta hash) può essere fornita al servizio Gravatar per vedere se lo stai usando. La privacy policy del servizio Gravatar è disponibile qui: https://automattic.com/privacy/. Dopo l&#8217;approvazione del tuo commento, la tua immagine del profilo è visibile al pubblico nel contesto del tuo commento.</p>
<h3><strong>Media</strong></h3>
<p>Se carichi immagini sul sito web, dovresti evitare di caricare immagini che includono i dati di posizione incorporati (EXIF GPS). I visitatori del sito web possono scaricare ed estrarre qualsiasi dato sulla posizione dalle immagini sul sito web.</p>
<h3><strong>Modulo di contatto</strong></h3>
<p class="privacy-policy-tutorial">I dati forniti sul nostro modulo di contatto sono funzionali alla richiesta del cliente (prenotazioni, informazioni su prezzi, ecc&#8230;). I dati forniti vengono mantenuti il tempo necessario ai fini del servizio richiesto e NON vengono utilizzato o inviati a scopo di marketing.</p>
<h3><strong>Cookie</strong></h3>
<p>Se lasci un commento sul nostro sito, puoi scegliere di salvare il tuo nome, indirizzo email e sito web nei cookie. Sono usati per la tua comodità in modo che tu non debba inserire nuovamente i tuoi dati quando lasci un altro commento. Questi cookie dureranno per un anno.</p>
<p>Se hai un account e accedi a questo sito, verrà impostato un cookie temporaneo per determinare se il tuo browser accetta i cookie. Questo cookie non contiene dati personali e viene eliminato quando chiudi il browser.</p>
<p>Quando effettui l&#8217;accesso, verranno impostati diversi cookie per salvare le tue informazioni di accesso e le tue opzioni di visualizzazione dello schermo. I cookie di accesso durano due giorni mentre i cookie per le opzioni dello schermo durano un anno. Se selezioni &#8220;Ricordami&#8221;, il tuo accesso persisterà per due settimane. Se esci dal tuo account, i cookie di accesso verranno rimossi.</p>
<p>Se modifichi o pubblichi un articolo, un cookie aggiuntivo verrà salvato nel tuo browser. Questo cookie non include dati personali, ma indica semplicemente l&#8217;ID dell&#8217;articolo appena modificato. Scade dopo 1 giorno.</p>
<h3><strong>Contenuto incorporato da altri siti web</strong></h3>
<p>Gli articoli su questo sito possono includere contenuti incorporati (ad esempio video, immagini, articoli, ecc.). I contenuti incorporati da altri siti web si comportano esattamente allo stesso modo come se il visitatore avesse visitato l&#8217;altro sito web.</p>
<p>Questi siti web possono raccogliere dati su di te, usare cookie, integrare ulteriori tracciamenti di terze parti e monitorare l&#8217;interazione con quel contenuto incorporato, incluso il tracciamento della tua interazione con il contenuto incorporato se hai un account e hai effettuato l&#8217;accesso a quel sito web.</p>
<h3><strong>Con chi condividiamo i tuoi dati</strong></h3>
<p>Per impostazione predefinita, NON condividiamo alcun dato personale con nessuno.</p>
<h3><strong>Per quanto tempo conserviamo i tuoi dati</strong></h3>
<p>Se lasci un commento, il commento e i relativi metadati vengono conservati a tempo indeterminato. È così che possiamo riconoscere e approvare automaticamente eventuali commenti successivi invece di tenerli in una coda di moderazione.</p>
<p>Per gli utenti che si registrano sul nostro sito web (se presenti), memorizziamo anche le informazioni personali che forniscono nel loro profilo utente. Tutti gli utenti possono vedere, modificare o cancellare le loro informazioni personali in qualsiasi momento (eccetto il loro nome utente che non possono cambiare). Gli amministratori del sito web possono anche vedere e modificare queste informazioni.</p>
<h3><strong>Quali diritti hai sui tuoi dati</strong></h3>
<p>Se hai un account su questo sito, o hai lasciato commenti, puoi richiedere di ricevere un file esportato dal sito con i dati personali che abbiamo su di te, compresi i dati che ci hai fornito. Puoi anche richiedere che cancelliamo tutti i dati personali che ti riguardano. Questo non include i dati che siamo obbligati a conservare per scopi amministrativi, legali o di sicurezza.</p>
<h3><strong>Dove spediamo i tuoi dati</strong></h3>
<p>I commenti dei visitatori possono essere controllati attraverso un servizio di rilevamento automatico dello spam.</p>
<h3><strong>Come proteggiamo i tuoi dati</strong></h3>
<p>I tuoi dati sono protetti ed abbiamo messo in atto misure particolari oltre alla formazione del personale addetto al relativo trattamento. Abbiamo inoltre provveduto ad effettuare una valutazione dell&#8217;impatto sulla privacy.</p>
<h3><strong>Da quali terze parti riceviamo dati</strong></h3>
<p>Non riceviamo dati da terze parti</p>
<h3><strong>Quale processo decisionale automatizzato e/o profilazione facciamo con i dati dell&#8217;utente</strong></h3>
<p>NON eseguiamo servizi che includono processi decisionali automatici e NON profiliamo in alcun caso i dati degli utenti.</p>
</div></div></div></div></div>
